the thousands digit of 975144311?
4
What is the tens digit of 668840335?
3
What is the ten millions digit of 260721851?
6
What is the thousands digit of 917172536?
2
What is the hundreds digit of 42117388?
3
What is the hundred thousands digit of 3802521929?
5
What is the ten millions digit of 6147924032?
4
What is the ten thousands digit of 4279680795?
8
What is the hundreds digit of 40963644?
6
What is the hundred millions digit of 122078195?
1
What is the ten millions digit of 91680985?
9
What is the thousands digit of 2305315073?
5
What is the hundred millions digit of 283406485?
2
What is the units digit of 272631304?
4
What is the thousands digit of 1932455136?
5
What is the thousands digit of 112315830?
5
What is the thousands digit of 1261027370?
7
What is the hundred thousands digit of 35762211?
7
What is the tens digit of 3773832601?
0
What is the hundred millions digit of 1196110778?
1
What is the tens digit of 1867934312?
1
What is the ten thousands digit of 95993361?
9
What is the tens digit of 5655291532?
3
What is the ten thousands digit of 66015759?
1
What is the hundred thousands digit of 296105767?
1
What is the tens digit of 346823698?
9
What is the millions digit of 146004007?
6
What is the units digit of 5250506407?
7
What is the tens digit of 131883772?
7
What is the units digit of 9272124?
4
What is the ten millions digit of 27920863?
2
What is the thousands digit of 156064706?
4
What is the hundreds digit of 9605087?
0
What is the millions digit of 137073379?
7
What is the millions digit of 3180276391?
0
What is the units digit of 734592183?
3
What is the hundred thousands digit of 72465844?
4
What is the hundred millions digit of 159779715?
1
What is the millions digit of 494774963?
4
What is the ten millions digit of 1362161148?
6
What is the units digit of 397594873?
3
What is the hundreds digit of 1452129182?
1
What is the millions digit of 291705436?
1
What is the millions digit of 74952050?
4
What is the units digit of 6681345196?
6
What is the hundred millions digit of 726033421?
7
What is the hundreds digit of 404188182?
1
What is the hundred millions digit of 456064954?
4
What is the ten millions digit of 349313958?
4
What is the thousands digit of 163480202?
0
What is the millions digit of 5367121202?
7
What is the tens digit of 74649724?
2
What is the ten millions digit of 40639839?
4
What is the ten thousands digit of 30952761?
5
What is the units digit of 85901888?
8
What is the ten thousands digit of 289632763?
3
What is the hundred thousands digit of 39785717?
7
What is the ten millions digit of 61309117?
6
What is the billions digit of 1144536799?
1
What is the units digit of 295398064?
4
What is the ten millions digit of 948987507?
4
What is the hundred millions digit of 803318363?
8
What is the units digit of 133253314?
4
What is the hundred thousands digit of 487281434?
2
What is the hundred thousands digit of 437980077?
9
What is the tens digit of 1380396534?
3
What is the hundred thousands digit of 27602667?
6
What is the hundreds digit of 36672479?
4
What is the ten millions digit of 533489799?
3
What is the millions digit of 1224239465?
4
What is the millions digit of 190686604?
0
What is the ten millions digit of 42113436?
4
What is the hundred millions digit of 1386442978?
3
What is the hundreds digit of 112702504?
5
What is the ten millions digit of 6280869079?
8
What is the tens digit of 826804069?
6
What is the millions digit of 946464129?
6
What is the tens digit of 16656309?
0
What is the ten thousands digit of 201705245?
0
What is the thousands digit of 8223017889?
7
What is the thousands digit of 73259782?
9
What is the millions digit of 11995318?
1
What is the units digit of 258982270?
0
What is the units digit of 1569785558?
8
What is the thousands digit of 2403335206?
5
What is the tens digit of 183577756?
5
What is the ten thousands digit of 64920551?
2
What is the thousands digit of 2082930596?
0
What is the units digit of 3029100109?
9
What is the millions digit of 4206925996?
6
What is the thousands digit of 130617773?
7
What is the millions digit of 3573846597?
3
What is the hundreds digit of 218964368?
3
What is the hundred millions digit of 261777735?
2
What is the thousands digit of 137728718?
8
What is the tens digit of 40637474?
7
What is the hundreds digit of 1835011324?
3
What is the hundreds digit of 16667284?
2
What is the units digit of 26198712?
2
What is the thousands digit of 247842813?
2
What is the thousands digit of 184454946?
4
What is the tens digit of 790798565?
6
What is the hundred thousands digit of 2276601001?
6
What is the hundreds digit of 13839872?
8
What is the hundred millions digit of 7836898023?
8
What is the thousands digit of 230476182?
6
What is the millions digit of 835888071?
5
What is the ten millions digit of 167039532?
6
What is the ten thousands digit of 5901698?
0
What is the millions digit of 22793620?
2
What is the ten thousands digit of 3148291892?
9
What is the thousands digit of 242127347?
7
What is the hundred millions digit of 231635635?
2
What is the thousands digit of 552737106?
7
What is the hundred thousands digit of 155602387?
6
What is the units digit of 14378669?
9
What is the hundred millions digit of 464769044?
4
What is the thousands digit of 29746965?
6
What is the hundreds digit of 51665037?
0
What is the hundreds digit of 114477808?
8
What is the ten thousands digit of 4412930720?
3
What is the units digit of 553792591?
1
What is the units digit of 251633634?
4
What is the millions digit of 151259102?
1
What is the hundreds digit of 4751874?
8
What is the thousands digit of 68912988?
2
What is the ten millions digit of 3234294996?
3
What is the ten thousands digit of 4009855670?
5
What is the hundred millions digit of 888763037?
8
What is the hundreds digit of 222756815?
8
What is the millions digit of 2685334289?
5
What is the ten millions digit of 533249227?
3
What is the ten thousands digit of 217410506?
1
What is the tens digit of 378683270?
7
What is the millions digit of 5565582093?
5
What is the thousands digit of 18318488?
8
What is the tens digit of 19851102?
0
What is the millions digit of 5420569?
5
What is the hundred thousands digit of 304924289?
9
What is the ten thousands digit of 1086047038?
4
What is the hundred thousands digit of 3746037908?
0
What is the millions digit of 15171850?
5
What is the tens digit of 619419252?
5
What is the thousands digit of 1078484393?
4
What is the thousands digit of 1380731919?
1
What is the hundred thousands digit of 233592333?
5
What is the hundred thousands digit of 2835386998?
3
What is the tens digit of 1898048277?
7
What is the hundreds digit of 891369497?
4
What is the units digit of 266467425?
5
What is the thousands digit of 121560163?
0
What is the hundreds digit of 1309020183?
1
What is the thousands digit of 464673432?
3
What is the units digit of 1578623883?
3
What is the tens digit of 77855177?
7
What is the thousands digit of 912882896?
2
What is the millions digit of 149501606?
9
What is the units digit of 211353165?
5
What is the hundred thousands digit of 173496034?
4
What is the hundreds digit of 72659338?
3
What is the units digit of 380540398?
8
What is the hundred thousands digit of 5961158?
9
What is the tens digit of 999519786?
8
What is the tens digit of 3919416242?
4
What is the tens digit of 1818754999?
9
What is the units digit of 975552101?
1
What is the tens digit of 5746318?
1
What is the hundred millions digit of 240632095?
2
What is the tens digit of 16221613?
1
What is the hundred millions digit of 565490746?
5
What is the ten thousands digit of 424834868?
3
What is the ten millions digit of 195168440?
9
What is the hundreds digit of 270150849?
8
What is the ten thousands digit of 87416117?
1
What is the hundreds digit of 643547228?
2
What is the tens digit of 93133741?
4
What is the thousands digit of 53132658?
2
What is the hundred millions digit of 1178512131?
1
What is the tens digit of 717753218?
1
What is the hundred millions digit of 977531263?
9
What is the millions digit of 209160360?
9
What is the units digit of 3299938353?
3
What is the hundred thousands digit of 188579590?
5
What is the thousands digit of 30534995?
4
What 